993 prime?
False
Is 85594433 a prime number?
True
Is 185795 composite?
True
Is 21198641 a prime number?
False
Is 19326701 prime?
True
Is 902344259 composite?
False
Is 13432379 composite?
True
Is 1027927 prime?
False
Is 60094883 a prime number?
False
Is 496913 prime?
True
Is 88461331 composite?
True
Is 2561879 a composite number?
True
Is 54776717 a composite number?
False
Is 893071 prime?
False
Is 14338501 a composite number?
False
Is 17407531 composite?
True
Is 792511 prime?
False
Is 17640143 a composite number?
False
Is 912731 composite?
True
Is 67055539 a composite number?
False
Is 37225147 prime?
False
Is 378954787 a prime number?
True
Is 47673773 composite?
True
Is 9995801 a prime number?
True
Is 24833567 a composite number?
True
Is 6801473 a prime number?
False
Is 21193255 prime?
False
Is 996943 a composite number?
True
Is 11995427 a prime number?
True
Is 251879347 composite?
False
Is 51919583 a composite number?
False
Is 85542827 a composite number?
True
Is 1393147 a composite number?
True
Is 246667159 a composite number?
False
Is 16221077 prime?
False
Is 1229073 a composite number?
True
Is 19289038 composite?
True
Is 14615203 a composite number?
True
Is 46497413 a composite number?
False
Is 823909 composite?
True
Is 493360031 prime?
True
Is 523021 a composite number?
False
Is 115552445 composite?
True
Is 249300203 a composite number?
True
Is 13526449 a prime number?
True
Is 154382461 a prime number?
True
Is 31573565 a prime number?
False
Is 9516477 a prime number?
False
Is 398212229 a composite number?
False
Is 12389879 a prime number?
True
Is 3376579 a composite number?
False
Is 90698677 composite?
False
Is 19757609 a prime number?
True
Is 57602257 composite?
False
Is 9595829 a prime number?
False
Is 2857181 prime?
True
Is 1248941 a prime number?
True
Is 44077721 composite?
False
Is 577901 a prime number?
True
Is 2651189 composite?
False
Is 7052777 a prime number?
False
Is 3353381 composite?
False
Is 143888993 prime?
True
Is 5809490783 a prime number?
True
Is 30429229 a prime number?
True
Is 3572593 a composite number?
True
Is 42546851 a prime number?
True
Is 40871 a prime number?
False
Is 1101293 prime?
False
Is 63829751 composite?
False
Is 1668111 prime?
False
Is 24492761 prime?
True
Is 6301283 prime?
False
Is 1909184573 a composite number?
False
Is 2730869 a composite number?
False
Is 2998147 a prime number?
False
Is 17874803 composite?
True
Is 138118031 a composite number?
False
Is 142343807 prime?
False
Is 765299 prime?
False
Is 21888717 a composite number?
True
Is 79797527 prime?
True
Is 742842119 a composite number?
True
Is 24748007 composite?
False
Is 150341111 a prime number?
True
Is 1537916749 composite?
False
Is 76907 a prime number?
True
Is 341041 a prime number?
True
Is 1600573 prime?
False
Is 5160451 prime?
False
Is 801497 a prime number?
False
Is 11886367 a composite number?
False
Is 76879069 a composite number?
True
Is 187960897 a prime number?
True
Is 34701967 prime?
False
Is 405303 prime?
False
Is 122372234 a prime number?
False
Is 2986699 a composite number?
False
Is 243845741 a prime number?
True
Is 809957 composite?
True
Is 1026503 composite?
True
Is 769679 a prime number?
False
Is 312391 composite?
True
Is 86000141 composite?
False
Is 25351345 a composite number?
True
Is 350717833 prime?
True
Is 13675723 a prime number?
False
Is 1418605 a prime number?
False
Is 178284653 prime?
False
Is 7691737 composite?
True
Is 8852981 prime?
True
Is 791351579 a composite number?
False
Is 61737001 a prime number?
True
Is 13821673 a composite number?
True
Is 42131363 prime?
True
Is 3232981 prime?
True
Is 151164511 a prime number?
True
Is 103285967 prime?
True
Is 869605067 a prime number?
True
Is 15212591 a prime number?
False
Is 32336587 a composite number?
False
Is 1563221 prime?
False
Is 4617709 composite?
False
Is 137472721 a prime number?
False
Is 401260417 a prime number?
False
Is 3391327 composite?
True
Is 4835071 prime?
True
Is 539867 prime?
False
Is 8421701 a composite number?
False
Is 566697491 a composite number?
False
Is 9523559 a composite number?
False
Is 3250661 composite?
True
Is 1906963 a prime number?
True
Is 707037 prime?
False
Is 481213049 composite?
False
Is 267965 a prime number?
False
Is 944259383 a composite number?
False
Is 3947467 a prime number?
False
Is 294939847 a prime number?
False
Is 28698253 a prime number?
True
Is 216145789 composite?
True
Is 5489821 a prime number?
False
Is 86826653 composite?
False
Is 12928017 a composite number?
True
Is 181237541 a prime number?
False
Is 22279687 prime?
False
Is 38908097 a prime number?
True
Is 786542293 prime?
False
Is 570455953 prime?
False
Is 937459 composite?
False
Is 2116255 composite?
True
Is 47476963 prime?
True
Is 560473 a prime number?
False
Is 1604506 composite?
True
Is 83248651 prime?
False
Is 16777433 a composite number?
True
Is 12362737 a composite number?
False
Is 2021549 composite?
False
Is 8744413 a composite number?
False
Is 5611663 a composite number?
False
Is 95512993 a composite number?
False
Is 1341359 prime?
True
Is 1543489 a composite number?
False
Is 3667387 composite?
False
Is 92966921 a composite number?
True
Is 41946953 composite?
False
Is 4232009 prime?
True
Is 80820353 composite?
False
Is 646251 composite?
True
Is 620947 a prime number?
True
Is 42243497 composite?
False
Is 17800061 composite?
False
Is 8193961 composite?
False
Is 304966847 a composite number?
False
Is 71513851 a prime number?
True
Is 66469861 a prime number?
True
Is 39025999 a prime number?
False
Is 256859633 composite?
False
Is 583177 a prime number?
False
Is 4225783 composite?
False
Is 891646201 a composite number?
True
Is 535759 a composite number?
True
Is 826844009 composite?
False
Is 293617 prime?
True
Is 1350259 prime?
False
Is 392723 prime?
True
Is 8743673 composite?
False
Is 8677951 a prime number?
True
Is 30613735 a composite number?
True
Is 426293137 a prime number?
True
Is 283907923 prime?
False
Is 5645635 a prime number?
False
Is 31093793 a composite number?
True
Is 7407931 a prime number?
False
Is 64345781 composite?
True
Is 2541499 composite?
False
Is 20881897 composite?
False
Is 11300741 prime?
False
Is 48116221 prime?
True
Is 432569 a composite number?
False
Is 265447771 prime?
False
Is 841543459 a prime number?
False
Is 58278679 prime?
True
Is 6012641 a composite number?
True
Is 5251331 prime?
True
Is 152501 a prime number?
True
Is 1241857 prime?
False
Is 6507503 composite?
True
Is 41757329 a prime number?
True
Is 580969 prime?
True
Is 106654071 a prime number?
False
Is 3545327 composite?
False
Is 662177 composite?
False
Is 4800337 a composite number?
True
Is 26388059 a prime number?
True
Is 5531291 composite?
False
Is 320084069 prime?
False
Is 894283 a prime number?
False
Is 88380017 prime?
False
Is 2284291 prime?
False
Is 415458151 a prime number?
True
Is 387707473 a prime number?
False
Is 7761419 a composite number?
True
Is 1536467 a prime number?
True
Is 1401233 prime?
True
Is 1248589 a prime number?
True
Is 21628907 a composite number?
False
Is 9619669 composite?
False
Is 350213 composite?
False
Is 1106929 a prime number?
False
Is 184811383 a composite number?
False
Is 76543577 a prime number?
False
Is 100699971 a prime number?
False
Is 2445629 a composite number?
False
Is 17153233 composite?
True
Is 5747807 a composite number?
True
Is 6412447 a composite number?
False
Is 2011162 a prime number?
False
Is 4860353 a prime number?
False
Is 3086969 composite?
True
Is 116971843 prime?
True
Is 752221 prime?
False
Is 24326997 composite?
True
Is 10754735 composite?
True
Is 57415 composite?
True
Is 172878521 a composite number?
False
Is 195831661 composite?
True
Is 212605007 a prime number?
False
Is 58785289 composite?
False
Is 7821651 prime?
False
Is 517007167 composite?
False
Is 643282435 a composite number?
True
Is 20269817 a prime number?
True
Is 211921 prime?
False
Is 1770481 a prime number?
True
Is 36619727 composite?
False
Is 38907721 a composite number?
False
Is 376463 a prime number?
True
Is 1041307 composite?
False
Is 3044929 a prime number?
True
Is 1871803 composite?
True
Is 4837991 composite?
False
Is 222117959 composite?
True
Is 223823 prime?
True
Is 12725521 prime?
False
Is 42051193 prime?
True
Is 29408921 composite?
True
Is 6331411 a 